{"id":55,"date":"2016-11-28T17:26:25","date_gmt":"2016-11-28T16:26:25","guid":{"rendered":"http:\/\/musherpolice.de\/?page_id=55"},"modified":"2016-11-28T17:26:25","modified_gmt":"2016-11-28T16:26:25","slug":"angebot","status":"publish","type":"page","link":"https:\/\/musherpolice.de\/?page_id=55","title":{"rendered":"Angebot"},"content":{"rendered":"\n<div class=\"wpcf7 no-js\" id=\"wpcf7-f54-o1\" lang=\"de-DE\" dir=\"ltr\">\n<div class=\"screen-reader-response\"><p role=\"status\" aria-live=\"polite\" aria-atomic=\"true\"><\/p> <ul><\/ul><\/div>\n<form action=\"\/index.php?rest_route=%2Fwp%2Fv2%2Fpages%2F55#wpcf7-f54-o1\" method=\"post\" class=\"wpcf7-form init wpcf7-acceptance-as-validation\" aria-label=\"Kontaktformular\" novalidate=\"novalidate\" data-status=\"init\">\n<div style=\"display: none;\">\n<input type=\"hidden\" name=\"_wpcf7\" value=\"54\" \/>\n<input type=\"hidden\" name=\"_wpcf7_version\" value=\"5.9.3\" \/>\n<input type=\"hidden\" name=\"_wpcf7_locale\" value=\"de_DE\" \/>\n<input type=\"hidden\" name=\"_wpcf7_unit_tag\" value=\"wpcf7-f54-o1\" \/>\n<input type=\"hidden\" name=\"_wpcf7_container_post\" value=\"0\" \/>\n<input type=\"hidden\" name=\"_wpcf7_posted_data_hash\" value=\"\" \/>\n<\/div>\n<p><label> Name<br \/>\n<span class=\"wpcf7-form-control-wrap\" data-name=\"your-name\"><input size=\"40\" class=\"wpcf7-form-control wpcf7-text wpcf7-validates-as-required\" aria-required=\"true\" aria-invalid=\"false\" value=\"\" type=\"text\" name=\"your-name\" \/><\/span> <\/label>\n<\/p>\n<p><label> Verein<br \/>\n<span class=\"wpcf7-form-control-wrap\" data-name=\"your-subject3\"><input size=\"40\" class=\"wpcf7-form-control wpcf7-text wpcf7-validates-as-required\" aria-required=\"true\" aria-invalid=\"false\" value=\"\" type=\"text\" name=\"your-subject3\" \/><\/span> <\/label>\n<\/p>\n<p><label> E-Mail-Adresse<br \/>\n<span class=\"wpcf7-form-control-wrap\" data-name=\"your-email\"><input size=\"40\" class=\"wpcf7-form-control wpcf7-email wpcf7-validates-as-required wpcf7-text wpcf7-validates-as-email\" aria-required=\"true\" aria-invalid=\"false\" value=\"\" type=\"email\" name=\"your-email\" \/><\/span> <\/label>\n<\/p>\n<p><label> Alter (oder Geburtsdatum)<br \/>\n<span class=\"wpcf7-form-control-wrap\" data-name=\"your-subject1\"><input size=\"40\" class=\"wpcf7-form-control wpcf7-text wpcf7-validates-as-required\" aria-required=\"true\" aria-invalid=\"false\" value=\"\" type=\"text\" name=\"your-subject1\" \/><\/span> <\/label>\n<\/p>\n<p><label> Anzahl Hunde (\u00e4lter 1 Jahr)<br \/>\n<span class=\"wpcf7-form-control-wrap\" data-name=\"your-subject2\"><input size=\"40\" class=\"wpcf7-form-control wpcf7-text wpcf7-validates-as-required\" aria-required=\"true\" aria-invalid=\"false\" value=\"\" type=\"text\" name=\"your-subject2\" \/><\/span> <\/label>\n<\/p>\n<p><label> Hunderassen<br \/>\n<span class=\"wpcf7-form-control-wrap\" data-name=\"Hunderassen\"><textarea cols=\"40\" rows=\"10\" class=\"wpcf7-form-control wpcf7-textarea wpcf7-validates-as-required\" aria-required=\"true\" aria-invalid=\"false\" name=\"Hunderassen\"><\/textarea><\/span><br \/>\n<label> Alle Hunde gechippt?<br \/>\n<span class=\"wpcf7-form-control-wrap\" data-name=\"radio-485\"><span class=\"wpcf7-form-control wpcf7-radio\"><span class=\"wpcf7-list-item first\"><input type=\"radio\" name=\"radio-485\" value=\"Ja\" \/><span class=\"wpcf7-list-item-label\">Ja<\/span><\/span><span class=\"wpcf7-list-item last\"><input type=\"radio\" name=\"radio-485\" value=\"Nein\" \/><span class=\"wpcf7-list-item-label\">Nein<\/span><\/span><\/span><\/span><br \/>\n<label> Handelt es sich um einen \u201egef\u00e4hrlichen Hund\u201c im Sinne einer Verordnung\/<br \/>\ngesetzlichen Bestimmung (o. \u00e4. Rechtsnormen) Ihres zust\u00e4ndigen Bundeslandes?<br \/>\n<span class=\"wpcf7-form-control-wrap\" data-name=\"radio-486\"><span class=\"wpcf7-form-control wpcf7-radio\"><span class=\"wpcf7-list-item first\"><input type=\"radio\" name=\"radio-486\" value=\"Ja\" \/><span class=\"wpcf7-list-item-label\">Ja<\/span><\/span><span class=\"wpcf7-list-item last\"><input type=\"radio\" name=\"radio-486\" value=\"Nein\" \/><span class=\"wpcf7-list-item-label\">Nein<\/span><\/span><\/span><\/span><br \/>\n<label> Sind in den letzten 3 Jahren Haftpflichtanspr\u00fcche gegen Sie erhoben worden?<br \/>\n<span class=\"wpcf7-form-control-wrap\" data-name=\"radio-487\"><span class=\"wpcf7-form-control wpcf7-radio\"><span class=\"wpcf7-list-item first\"><input type=\"radio\" name=\"radio-487\" value=\"Ja\" \/><span class=\"wpcf7-list-item-label\">Ja<\/span><\/span><span class=\"wpcf7-list-item last\"><input type=\"radio\" name=\"radio-487\" value=\"Nein\" \/><span class=\"wpcf7-list-item-label\">Nein<\/span><\/span><\/span><\/span><br \/>\n<label> Dokumente papierlos (10% Nachlass)<br \/>\n<span class=\"wpcf7-form-control-wrap\" data-name=\"radio-488\"><span class=\"wpcf7-form-control wpcf7-radio\"><span class=\"wpcf7-list-item first\"><input type=\"radio\" name=\"radio-488\" value=\"Ja\" \/><span class=\"wpcf7-list-item-label\">Ja<\/span><\/span><span class=\"wpcf7-list-item last\"><input type=\"radio\" name=\"radio-488\" value=\"Nein\" \/><span class=\"wpcf7-list-item-label\">Nein<\/span><\/span><\/span><\/span><br \/>\n<span class=\"wpcf7-form-control-wrap\" data-name=\"acceptance-723\"><span class=\"wpcf7-form-control wpcf7-acceptance\"><span class=\"wpcf7-list-item\"><label><input type=\"checkbox\" name=\"acceptance-723\" value=\"1\" aria-invalid=\"false\" \/><span class=\"wpcf7-list-item-label\">Hiermit erkl\u00e4re ich meine Einwilligung zur <a href=\"https:\/\/musherpolice.de\/?page_id=32\">Datenschutzerkl\u00e4rung<\/a><\/span><\/label><\/span><\/span><\/span><br \/>\n<span class=\"wpcf7-form-control-wrap\" data-name=\"radio-938\"><span class=\"wpcf7-form-control wpcf7-radio\"><span class=\"wpcf7-list-item first\"><input type=\"radio\" name=\"radio-938\" value=\"Hiermit erkl\u00e4re ich meine Einwilligung das Angebot unverschl\u00fcsselt per email zu erhalten\" \/><span class=\"wpcf7-list-item-label\">Hiermit erkl\u00e4re ich meine Einwilligung das Angebot unverschl\u00fcsselt per email zu erhalten<\/span><\/span><span class=\"wpcf7-list-item last\"><input type=\"radio\" name=\"radio-938\" value=\"Nein, ich w\u00fcnsche ab heute  die verschl\u00fcsselte \u00dcbermittlung. Dazu verwenden wir das OpenPGP Protokoll. Ich werde dem Versicherungsmakler umgehend meinen \u00f6ffentlichen Schl\u00fcssel f\u00fcr die Daten\u00fcbertragung zusenden.\" \/><span class=\"wpcf7-list-item-label\">Nein, ich w\u00fcnsche ab heute  die verschl\u00fcsselte \u00dcbermittlung. Dazu verwenden wir das OpenPGP Protokoll. Ich werde dem Versicherungsmakler umgehend meinen \u00f6ffentlichen Schl\u00fcssel f\u00fcr die Daten\u00fcbertragung zusenden.<\/span><\/span><\/span><\/span><br \/>\n<span class=\"wpcf7-form-control-wrap\" data-name=\"acceptance-706\"><span class=\"wpcf7-form-control wpcf7-acceptance\"><span class=\"wpcf7-list-item\"><label><input type=\"checkbox\" name=\"acceptance-706\" value=\"1\" aria-invalid=\"false\" \/><span class=\"wpcf7-list-item-label\">Die <a href=\"https:\/\/www.sdv-online.de\/informationspflicht\/kock\">Kundeninformation<\/a> zur Erf\u00fcllung der gesetzlichen Informationspflicht gem\u00e4\u00df \u00a7 11 VersVermV habe ich gelesen<\/span><\/label><\/span><\/span><\/span><br \/>\n<input class=\"wpcf7-form-control wpcf7-submit has-spinner\" type=\"submit\" value=\"Senden\" \/><\/label><\/label><\/label><\/label><\/label>\n<\/p><div class=\"wpcf7-response-output\" aria-hidden=\"true\"><\/div>\n<\/form>\n<\/div>\n\n<p>&nbsp;<\/p>\n","protected":false},"excerpt":{"rendered":"<p>&nbsp;<\/p>\n","protected":false},"author":1,"featured_media":0,"parent":0,"menu_order":0,"comment_status":"closed","ping_status":"closed","template":"","meta":{"footnotes":""},"_links":{"self":[{"href":"https:\/\/musherpolice.de\/index.php?rest_route=\/wp\/v2\/pages\/55"}],"collection":[{"href":"https:\/\/musherpolice.de\/index.php?rest_route=\/wp\/v2\/pages"}],"about":[{"href":"https:\/\/musherpolice.de\/index.php?rest_route=\/wp\/v2\/types\/page"}],"author":[{"embeddable":true,"href":"https:\/\/musherpolice.de\/index.php?rest_route=\/wp\/v2\/users\/1"}],"replies":[{"embeddable":true,"href":"https:\/\/musherpolice.de\/index.php?rest_route=%2Fwp%2Fv2%2Fcomments&post=55"}],"version-history":[{"count":1,"href":"https:\/\/musherpolice.de\/index.php?rest_route=\/wp\/v2\/pages\/55\/revisions"}],"predecessor-version":[{"id":56,"href":"https:\/\/musherpolice.de\/index.php?rest_route=\/wp\/v2\/pages\/55\/revisions\/56"}],"wp:attachment":[{"href":"https:\/\/musherpolice.de\/index.php?rest_route=%2Fwp%2Fv2%2Fmedia&parent=55"}],"curies":[{"name":"wp","href":"https:\/\/api.w.org\/{rel}","templated":true}]}}